6
What is the thousands digit of 603009?
3
What is the units digit of 33613?
3
What is the units digit of 5897706?
6
What is the thousands digit of 608553?
8
What is the tens digit of 7733685?
8
What is the thousands digit of 3607039?
7
What is the millions digit of 21924592?
1
What is the units digit of 901205?
5
What is the thousands digit of 230438?
0
What is the tens digit of 534783?
8
What is the millions digit of 1947440?
1
What is the thousands digit of 1267769?
7
What is the hundreds digit of 14067294?
2
What is the ten thousands digit of 20396060?
9
What is the hundred thousands digit of 1096682?
0
What is the units digit of 14835693?
3
What is the units digit of 2292035?
5
What is the thousands digit of 13179387?
9
What is the units digit of 92507?
7
What is the thousands digit of 392023?
2
What is the ten thousands digit of 71879?
7
What is the tens digit of 435596?
9
What is the hundred thousands digit of 5080879?
0
What is the tens digit of 3749770?
7
What is the hundred thousands digit of 4268440?
2
What is the ten thousands digit of 724718?
2
What is the hundred thousands digit of 12262264?
2
What is the tens digit of 895743?
4
What is the hundred thousands digit of 8930384?
9
What is the hundred thousands digit of 1763793?
7
What is the units digit of 9212142?
2
What is the tens digit of 441825?
2
What is the ten thousands digit of 365416?
6
What is the units digit of 120046?
6
What is the ten thousands digit of 112547?
1
What is the thousands digit of 83281?
3
What is the thousands digit of 30245?
0
What is the tens digit of 5948798?
9
What is the ten thousands digit of 800250?
0
What is the ten thousands digit of 1103496?
0
What is the ten thousands digit of 1936010?
3
What is the hundred thousands digit of 234000?
2
What is the millions digit of 36832704?
6
What is the hundreds digit of 73819?
8
What is the tens digit of 3292348?
4
What is the thousands digit of 9351004?
1
What is the thousands digit of 221126?
1
What is the ten thousands digit of 8861697?
6
What is the units digit of 16852827?
7
What is the hundred thousands digit of 571761?
5
What is the ten thousands digit of 87958?
8
What is the millions digit of 2407829?
2
What is the ten millions digit of 10935415?
1
What is the hundreds digit of 113083?
0
What is the hundreds digit of 556243?
2
What is the hundred thousands digit of 294196?
2
What is the hundred thousands digit of 3205562?
2
What is the ten thousands digit of 4206663?
0
What is the tens digit of 6073885?
8
What is the hundred thousands digit of 1626103?
6
What is the ten thousands digit of 6876941?
7
What is the ten thousands digit of 97478?
9
What is the thousands digit of 2278470?
8
What is the tens digit of 2930986?
8
What is the thousands digit of 759300?
9
What is the ten millions digit of 10165440?
1
What is the hundred thousands digit of 893294?
8
What is the units digit of 883428?
8
What is the ten millions digit of 31937168?
3
What is the ten thousands digit of 126557?
2
What is the hundred thousands digit of 204089?
2
What is the hundred thousands digit of 11559807?
5
What is the hundred thousands digit of 12191108?
1
What is the tens digit of 424592?
9
What is the tens digit of 351616?
1
What is the hundreds digit of 1197503?
5
What is the hundreds digit of 5860556?
5
What is the ten thousands digit of 4763315?
6
What is the hundred thousands digit of 3425527?
4
What is the thousands digit of 11067341?
7
What is the hundreds digit of 95314?
3
What is the millions digit of 1706157?
1
What is the hundreds digit of 5014584?
5
What is the thousands digit of 597051?
7
What is the units digit of 63209?
9
What is the tens digit of 951379?
7
What is the units digit of 4092912?
2
What is the hundreds digit of 1397571?
5
What is the units digit of 25117?
7
What is the hundreds digit of 9715846?
8
What is the ten thousands digit of 1880577?
8
What is the thousands digit of 499465?
9
What is the hundreds digit of 391357?
3
What is the thousands digit of 5648797?
8
What is the units digit of 2699268?
8
What is the units digit of 6030120?
0
What is the millions digit of 3567782?
3
What is the units digit of 4554646?
6
What is the units digit of 422871?
1
What is the ten thousands digit of 402631?
0
What is the tens digit of 23660619?
1
What is the units digit of 10275216?
6
What is the hundred thousands digit of 618581?
6
What is the tens digit of 120022?
2
What is the thousands digit of 294751?
4
What is the millions digit of 5531875?
5
What is the units digit of 397307?
7
What is the ten thousands digit of 22311?
2
What is the ten thousands digit of 11432088?
3
What is the hundred thousands digit of 3840764?
8
What is the thousands digit of 222563?
2
What is the hundreds digit of 13906?
9
What is the tens digit of 387664?
6
What is the thousands digit of 360349?
0
What is the thousands digit of 461515?
1
What is the units digit of 543750?
0
What is the thousands digit of 4551068?
1
What is the hundreds digit of 67423?
4
What is the thousands digit of 4953200?
3
What is the units digit of 793115?
5
What is the units digit of 109588?
8
What is the hundreds digit of 455387?
3
What is the millions digit of 1695416?
1
What is the thousands digit of 47776?
7
What is the hundred thousands digit of 513728?
5
What is the hundred thousands digit of 585001?
5
What is the tens digit of 232424?
2
What is the thousands digit of 18664613?
4
What is the thousands digit of 5660586?
0
What is the ten thousands digit of 127371?
2
What is the hundreds digit of 16661614?
6
What is the units digit of 335159?
9
What is the ten thousands digit of 1136388?
3
What is the units digit of 3446314?
4
What is the hundreds digit of 244716?
7
What is the hundreds digit of 362150?
1
What is the thousands digit of 1676570?
6
What is the hundred thousands digit of 2038228?
0
What is the thousands digit of 391904?
1
What is the hundred thousands digit of 8452866?
4
What is the hundreds digit of 709499?
4
What is the hundred thousands digit of 268082?
2
What is the hundred thousands digit of 430848?
4
What is the hundreds digit of 1621989?
9
What is the units digit of 449369?
9
What is the hundred thousands digit of 977712?
9
What is the units digit of 204872?
2
What is the hundred thousands digit of 124482?
1
What is the thousands digit of 4474134?
4
What is the hundreds digit of 318971?
9
What is the hundred thousands digit of 2042744?
0
What is the millions digit of 13008760?
3
What is the ten thousands digit of 38376?
3
What is the tens digit of 2693909?
0
What is the hundreds digit of 3889357?
3
What is the ten thousands digit of 1010848?
1
What is the ten thousands digit of 115224?
1
What is the units digit of 509853?
3
What is the ten thousands digit of 133519?
3
What is the hundreds digit of 6618411?
4
What is the hundreds digit of 453357?
3
What is the thousands digit of 24463?
4
What is the hundreds digit of 345448?
4
What is the tens digit of 132009?
0
What is the thousands digit of 3007403?
7
What is the tens digit of 5504236?
3
What is the thousands digit of 8805?
8
What is the hundreds digit of 23889?
8
What is the millions digit of 1037504?
1
What is the tens digit of 181236?
3
What is the units digit of 225769?
9
What is the ten thousands digit of 144226?
4
What is the thousands digit of 93691?
3
What is the tens digit of 6887007?
0
What is the tens digit of 575513?
1
What is the hundred thousands digit of 18793900?
7
What is the thousands digit of 11331?
1
What is the tens digit of 1212011?
1
What is the tens digit of 150399?
9
What is the hundred thousands digit of 700465?
7
What is the ten thousands digit of 16093255?
9
What is the millions digit of 3106419?
3
What is the units digit of 37899?
9
What is the units digit of 83960?
0
What is the thousands digit of 516157?
6
What is the tens digit of 373491?
9
What is the tens digit of 807587?
8
What is the units digit of 584849?
9
What is the hundreds digit of 148007?
0
What is the hundred thousands digit of 1122922?
1
What is the ten thousands digit of 300459?
0
What is the units digit of 197706?
6
What is the millions digit of 2791225?
2
What is the hundred thousands digit of 276813?
2
What is the hundreds digit of 7057965?
9
What is the hundreds digit of 18897506?
5